12 = 3*l - 4*w, 5*l - 3*w + 9 = 4*l. Calculate g(l).
-17
Let d(s) = -s**2 - 10*s + 13. Let w(t) = -5*t + 35. Let m be w(9). Determine d(m).
13
Suppose 3*t + 20 - 5 = 0. Let f(m) be the second derivative of -m**4/12 - 7*m**3/6 - 7*m**2/2 - 355*m. Calculate f(t).
3
Let a(b) be the first derivative of -b**3/3 - 9*b**2/2 - 5*b + 2. Let j = -125 + 118. Determine a(j).
9
Let v = 2368 + -2376. Let b(n) = -5*n - 45. What is b(v)?
-5
Let z(c) = -c**3 - 7*c**2 + 2. Let d be z(-7). Let r(p) = d*p + 2*p - 2*p - 4*p. Calculate r(-3).
6
Let t(h) = h**2 + 3*h - 4. Let k be (-14)/(-6) + (-1)/3 + 0. Let w be t(k). Let u(j) be the third derivative of -j**4/12 + 7*j**3/6 - 2*j**2. Calculate u(w).
-5
Let f(v) be the first derivative of v**4/2 - 23*v**3/3 + 11*v**2/2 + 15*v + 199. What is f(11)?
15
Let n(k) = -2*k**3 + 10 + 4*k**2 + 3*k**3 - 1294*k + 3 + 1284*k. Give n(-6).
1
Let d(f) = -f**3 + 5*f**2 - 3*f. Let y be d(4). Let s(k) = -9*k + y*k - 2*k + 4*k. Let n = 2 + -1. Determine s(n).
-3
Let c(f) = -f + 2 + 0 + 0*f. Let o be 4/32 - (-1485)/(-40). Let s = -31 - o. What is c(s)?
-4
Let o = -9 + 9. Suppose f - 2*f = o. Suppose 3*s - 5*u - 11 = f, 0 = -4*s - u - 3*u + 4. Let z(g) = g**3 - 4*g**2 + 3*g - 1. Give z(s).
-3
Let u(b) = -10*b - 8. Let x be u(-1). Let w be (x + -3)*9/(-15)*-5. Let g(h) = h**3 + 3*h**2 + h - 1. Determine g(w).
-4
Let s(h) = -7*h + 13. Let j(k) be the second derivative of -5*k**3/3 + 19*k**2/2 - 10*k. Let l(q) = 5*j(q) - 7*s(q). Determine l(-5).
9
Let s = 1 - -5. Let n(z) = -2*z**2 + 8*z + 2. Give n(s).
-22
Let b = -195 - -199. Let j be 1*2 - (-2 - -1). Let p(i) = -j*i**2 - 2*i + i**3 - i**2 + 5*i - 6. Give p(b).
6
Let y(a) be the third derivative of -a**4/24 - 11*a**3/6 + 3*a**2 + 5*a. What is y(-5)?
-6
Let v be 5 - (0 + (0 - -3)). Suppose 0 = -4*n + 36 - 20. Let j(l) = -2*l + v*l - n*l + 0*l. Determine j(1).
-4
Let r = 0 + -2. Let o(c) = -9*c**2 - 11. Let l(p) = 11*p**2 - p + 14. Let f(v) = -4*l(v) - 5*o(v). What is f(r)?
-5
Let r = -4 - -6. Let x(o) = -15*o + 17*o - 34 - 3*o + 36. What is x(r)?
0
Let f(t) = -8*t**2 + 3*t - 2. Let l(i) = 7*i**2 - 2*i + 1. Suppose -6*a - 26 - 4 = 0. Let c(b) = a*f(b) - 6*l(b). Calculate c(-3).
-5
Let b be (-1)/((-1)/6*2). Let v(c) = -2*c + 0*c + 1 + b*c. Give v(1).
2
Let s(r) = r**2 - 5*r + 2. Let f = -16 + 10. Let m be (f/(-5))/((-2)/10). Let p = m - -9. What is s(p)?
-4
Let k = 8 + -6. Let t(d) = 6*d + 5*d**k - 6*d**2 + 0*d**2 + 5. Let o = 2 + 3. Give t(o).
10
Let p(c) = -5 + 0 + 0*c - 2*c. Let d(x) = x**3 - 7*x**2 - x. Let j be d(7). What is p(j)?
9
Suppose 4*a - c - c = 14, 0 = -2*a + 5*c + 11. Let i(s) = -s**3 + 5*s**2 + 1 - a*s + 13*s - 3*s + s**2. What is i(7)?
1
Let h(n) = n + 5. Let u(o) = -1. Let x(y) = h(y) + u(y). Calculate x(-5).
-1
Let r(l) = -2*l**3 - l**2 + 7*l + 15. Let h(z) = z**3 + z**2 - 3*z - 7. Let f(p) = 9*h(p) + 4*r(p). What is f(-3)?
12
Suppose 2*p - 3*b = 13, 3*p + 8 = p - 4*b. Let y(m) = -4 + 9*m**2 + 5 + p*m**2 - 5*m - 10*m**2. Suppose -n = -4 + 1. What is y(n)?
-5
Let u(r) = r**2 + 4*r - 4. Let w(h) = -h**2 + 2*h + 2. Let i be w(3). Let l be i/(-3) + (-10)/(-6). Suppose -l*x + 0*x = 8. Determine u(x).
-4
Let x be 1/(-1) + (-2 - 0). Let g = -2 - x. Let u(z) = 4 + g + z**2 + z**3 + 0. What is u(0)?
5
Let k(j) be the first derivative of -j**6/360 + j**5/30 + 5*j**4/24 + 5*j**3/3 - 14. Let s(z) be the third derivative of k(z). What is s(5)?
0
Let r(z) = -z**3 + 16*z**2 + 16*z + 13. Let f be 629/185*(1 + 4). Calculate r(f).
-4
Let c be 2/(-4) - (-7)/2. Suppose -5*k = 4*f + 5, 4*k = -c*f - 1 - 3. Let v(a) = 4*a + 2 + 1 - a**2 + f*a**2. What is v(5)?
-2
Let p(l) = -l**2 - 8*l - 5. Let g = -44 + 97. Let y = 49 - g. Give p(y).
11
Let y(f) = f - 17. Let b be y(20). Let m(p) = 0 - 1 + 21*p**2 + b - p - 19*p**2. Calculate m(2).
8
Let k(x) = -x**2 + 16*x - 10. Suppose 2*p = -3*y + 39, -2 + 44 = 3*p - y. What is k(p)?
5
Let l = 169 + -88. Suppose -7*w + l - 25 = 0. Let x(a) = a - 9. Give x(w).
-1
Let n(o) = -o**3 + 4*o**2 + 6*o - 3. Let i be n(5). Let b be 8 + i/(0 + 2). Let j = 8 - b. Let g(l) = -9*l**3 - l**2 + l + 1. Calculate g(j).
8
Let v(s) = s**2 + s + 1. Suppose -31 - 61 = 4*x. Let i = -15 - x. Let f be (-4)/(i - 0)*0. Determine v(f).
1
Let p(q) = -1 - q**2 + 4 - 3*q + 5*q. Let g be p(3). Let t(x) = x + 6. Give t(g).
6
Let r = 293 - 289. Let s(y) = 2*y**2 - 4*y + 6. Give s(r).
22
Let i(h) be the second derivative of -h**6/120 + h**5/15 + h**4/12 - 5*h**3/6 - 17*h**2/2 + 10*h. Let a(x) be the first derivative of i(x). Determine a(4).
3
Let b(h) = -h**3 + 10*h**2 + 12*h - 13. Let w(k) = -12*k - 241. Let y be w(-21). Calculate b(y).
-2
Let s be 1*(16/(-4) - -4). Suppose 0*a + 5*a = s. Let m(z) = -2*z**2 + 4*z**2 - 2 - 3*z**2. Give m(a).
-2
Let g(u) be the first derivative of -26/3*u**3 - 5 + 0*u**2 + u. Calculate g(-1).
-25
Let i be (-2)/(1 - -1) + 1. Let c be 10/(-4)*68/85. Let z(l) = 4*l**2 - 5*l + 17. Let y(a) = -a**2 + a - 4. Let n(f) = c*z(f) - 9*y(f). Calculate n(i).
2
Let x(t) = 6419 + 0*t - 6423 - 2*t. Calculate x(-3).
2
Suppose -3*q - 5*j = -8, -q - 7 = -j + 1. Let s be (16/(-40))/(29/15 - 2). Let f(h) = 12 + s + 7 - h - 29. Determine f(q).
0
Let g = -101 - -108. Let w(s) = -8*s + 10*s**2 - 14 - s**3 + g + 6. Calculate w(9).
8
Let r(s) = s**2 - 4*s + 3. Let g = 6 - 4. Let k(z) = -2. Let j(w) = 5*w - 9. Let a(i) = j(i) - k(i). Let q be a(g). Give r(q).
0
Let p(v) = -3*v**2 - 4*v + 2. Let z(y) = y**2 + y - 1. Let j = 0 - 0. Suppose j = -4*o - 6 - 6. Let q(b) = o*p(b) - 8*z(b). What is q(-4)?
2
Let m(n) = 257*n**2 + 260*n**2 - 518*n**2. Let j = 14 + -4. Let k = 11 - j. Determine m(k).
-1
Suppose 0 = 8*l - 2*l + 48. Let a be ((-6)/l)/(3/16). Let r(m) = -m**2 + 5*m - 2. Calculate r(a).
2
Let d be 14/3*(-126)/(-49). Suppose -g + d = 5*g. Let r(m) be the first derivative of -m**4/2 + 2*m**3/3 + 3*m**2/2 - 2*m - 1. Determine r(g).
-4
Let o(a) = -a - 10. Suppose -3*x = -3*l - 27, 4*x + 4*l + 5 - 49 = 0. Suppose -3*v - 11 = x. Give o(v).
-3
Let j(p) = -4 + 17713*p - 17720*p - 1 - p**2. What is j(-6)?
1
Let i(o) = o**2 + 2*o - 3. Let x = -493 + 487. What is i(x)?
21
Let j be 4/8*(24 - 0). Suppose 0 = -4*a + 16, a + j = -2*b + 5*a. Let f(m) = 2*m**2 - 5*m**2 + 4*m**b + 4 - 3 + 4*m. Determine f(-5).
6
Let f(c) = 12*c + 46. Let m(p) = 2*p + 2. Let i(s) = f(s) - 8*m(s). What is i(9)?
-6
Let b(c) = -7*c - 9. Let a(d) = -20*d - 26. Suppose 0*z + 2*z = -4*u - 8, -z - 5*u - 1 = 0. Let t(q) = z*a(q) + 17*b(q). Let j = 13 - 9. Calculate t(j).
7
Let y = -3 - -5. Suppose -4*t = 4*f - 192, -f - 174 = -4*f + 3*t. Let g(h) = -27 + f - 3*h**2 + h**2 - 24 + 2*h**3. Calculate g(y).
10
Let q(d) = -5*d - 1 - 2 + 8. Let g(x) = -11*x + 11. Let k(n) = 4*g(n) - 9*q(n). Let h(b) = 4*b + 28. Let j be h(-6). Determine k(j).
3
Let t = -31 - -10. Let z be 10/(-3) - (-14)/t. Let k(y) = -y**2 - 6*y. Determine k(z).
8
Suppose h = -0*h + 1. Let k(p) = 3*p**2 + p**3 - p**2 - p - h - p. Let g = -1556 + 1554. Give k(g).
3
Let w(i) = i**3 - 7*i**2 - 17*i - 3. Suppose -3*q + 39 = 3*p, 30*q = 4*p + 28*q - 28. Determine w(p).
6
Let f(y) be the third derivative of -y**5/60 + y**4/24 + y**3/2 + 56*y**2. Determine f(4).
-9
Let p(f) = -f - 2. Let q = 47 - 19. Let a = q + -21. Let r(z) = z**2 - 8*z + 7. Let n be r(a). What is p(n)?
-2
Let q(i) = -i**2 - 9*i - 10. Let l be q(-6). Let y(v) = 7*v**2 - v - l*v**2 + 5 + 2 - 2. Give y(-4).
-7
Let a(y) be the first derivative of 1/2*y**2 - 1 - 3*y + 1/3*y**3. Calculate a(3).
9
Let q(f) be the second derivative of -f**5/20 + f**4/3 - f**3/3 + f**2 - 82*f. Determine q(3).
5
Let m(x) = -2*x**3 - x**2 + 1. Let v = -62 - -67. Suppose -b - 9 = k + 4*k, -4*k + 16 = -v*b. What is m(k)?
2
Let i be (14 + 480/(-36))*1*-9. Let k(g) = 2*g + 8. What is k(i)?
-4
Let f(c) be the first derivative of -c**4/12 + 2*c**3/3 - 5*c**2 - 8. Let r(z) be the second derivative of f(z). Calculate r(7).
-10
Let u(f) = 14 - f + 7 - 10. Let z be u(10). Suppose -h + z = 0, 3*j - 2*j - 9 = -5*h. Let i(g) = g**2 - 5*g - 1. Give i(j).
-5
Let i = -63 - -56. Let u(x) = -x - 15. Give u(i).
-8
Let s(q) = q**3 - 7*q**2 + 3*q - 9. Let x be s(7). Suppose x*r = 18*r + 54. Let f(l) = l + 7. What is f(r)?
-2
Let y(w) be the second derivative of w**5/20 - w**4/6 - w**3/3 - w**2 + 2*w. Let l = 30 - 25. Suppose 5*q + 3*f + l - 8 = 